it of 527323?
2
What is the units digit of 8183462?
2
What is the tens digit of 11270952?
5
What is the units digit of 96530?
0
What is the ten thousands digit of 252488?
5
What is the tens digit of 997345?
4
What is the tens digit of 4120300?
0
What is the hundred thousands digit of 28399015?
3
What is the units digit of 459814?
4
What is the thousands digit of 645658?
5
What is the ten thousands digit of 608401?
0
What is the hundreds digit of 2713664?
6
What is the ten thousands digit of 84483?
8
What is the units digit of 55031?
1
What is the ten thousands digit of 580429?
8
What is the tens digit of 329319?
1
What is the units digit of 17166668?
8
What is the millions digit of 1555039?
1
What is the millions digit of 9093629?
9
What is the units digit of 54837?
7
What is the thousands digit of 388186?
8
What is the ten millions digit of 19943440?
1
What is the millions digit of 3117537?
3
What is the tens digit of 5862336?
3
What is the hundreds digit of 1236270?
2
What is the millions digit of 4643111?
4
What is the tens digit of 3498390?
9
What is the tens digit of 466476?
7
What is the tens digit of 766644?
4
What is the hundred thousands digit of 1532913?
5
What is the units digit of 348573?
3
What is the hundreds digit of 1170549?
5
What is the millions digit of 21091313?
1
What is the units digit of 62033?
3
What is the hundreds digit of 565951?
9
What is the hundreds digit of 2139742?
7
What is the tens digit of 6456039?
3
What is the ten thousands digit of 1382909?
8
What is the hundred thousands digit of 2924741?
9
What is the hundreds digit of 345128?
1
What is the thousands digit of 72802?
2
What is the tens digit of 533398?
9
What is the hundreds digit of 1109396?
3
What is the thousands digit of 2757070?
7
What is the thousands digit of 5270876?
0
What is the units digit of 8661?
1
What is the ten thousands digit of 185787?
8
What is the thousands digit of 15855055?
5
What is the ten thousands digit of 64039?
6
What is the units digit of 187299?
9
What is the tens digit of 93371?
7
What is the units digit of 789519?
9
What is the thousands digit of 5957656?
7
What is the ten thousands digit of 11893603?
9
What is the units digit of 1889141?
1
What is the ten thousands digit of 1418897?
1
What is the units digit of 833003?
3
What is the units digit of 3156509?
9
What is the hundred thousands digit of 12491390?
4
What is the units digit of 7966257?
7
What is the hundred thousands digit of 5238839?
2
What is the units digit of 293213?
3
What is the ten thousands digit of 231249?
3
What is the units digit of 420990?
0
What is the units digit of 5652291?
1
What is the hundreds digit of 5238426?
4
What is the hundred thousands digit of 28560045?
5
What is the hundreds digit of 7570466?
4
What is the units digit of 10097075?
5
What is the thousands digit of 19819?
9
What is the hundreds digit of 235242?
2
What is the hundred thousands digit of 250329?
2
What is the units digit of 154403?
3
What is the units digit of 541053?
3
What is the hundred thousands digit of 29727873?
7
What is the units digit of 106713?
3
What is the units digit of 15972642?
2
What is the millions digit of 7672052?
7
What is the thousands digit of 297160?
7
What is the ten thousands digit of 76359?
7
What is the thousands digit of 5150542?
0
What is the tens digit of 4622076?
7
What is the hundreds digit of 5036726?
7
What is the tens digit of 672220?
2
What is the hundreds digit of 5392850?
8
What is the hundred thousands digit of 14391378?
3
What is the hundred thousands digit of 226693?
2
What is the tens digit of 71498?
9
What is the tens digit of 21308640?
4
What is the ten thousands digit of 801780?
0
What is the ten thousands digit of 86755?
8
What is the thousands digit of 8625908?
5
What is the millions digit of 1540396?
1
What is the hundreds digit of 2224031?
0
What is the thousands digit of 286037?
6
What is the hundreds digit of 309095?
0
What is the hundreds digit of 1483782?
7
What is the hundred thousands digit of 4363048?
3
What is the thousands digit of 45788?
5
What is the hundreds digit of 7215742?
7
What is the units digit of 10680436?
6
What is the units digit of 15562449?
9
What is the thousands digit of 1450997?
0
What is the hundreds digit of 220765?
7
What is the ten thousands digit of 463073?
6
What is the hundred thousands digit of 1281375?
2
What is the ten thousands digit of 716134?
1
What is the ten thousands digit of 17716991?
1
What is the thousands digit of 35466?
5
What is the hundreds digit of 2474343?
3
What is the tens digit of 6975987?
8
What is the ten thousands digit of 802728?
0
What is the units digit of 2330046?
6
What is the units digit of 2241004?
4
What is the units digit of 664?
4
What is the units digit of 994434?
4
What is the ten thousands digit of 195621?
9
What is the ten thousands digit of 14256772?
5
What is the tens digit of 310402?
0
What is the tens digit of 586462?
6
What is the hundreds digit of 104602?
6
What is the millions digit of 8571001?
8
What is the units digit of 737487?
7
What is the hundreds digit of 15410204?
2
What is the millions digit of 3773360?
3
What is the thousands digit of 690760?
0
What is the millions digit of 1086471?
1
What is the units digit of 16946172?
2
What is the hundred thousands digit of 27473893?
4
What is the hundreds digit of 34680?
6
What is the hundreds digit of 78762?
7
What is the hundred thousands digit of 1996002?
9
What is the hundred thousands digit of 548655?
5
What is the ten thousands digit of 244874?
4
What is the hundred thousands digit of 31447117?
4
What is the ten thousands digit of 1203945?
0
What is the units digit of 1013547?
7
What is the millions digit of 5007865?
5
What is the tens digit of 438502?
0
What is the thousands digit of 12255696?
5
What is the millions digit of 8935817?
8
What is the thousands digit of 1176827?
6
What is the units digit of 7519339?
9
What is the hundred thousands digit of 282097?
2
What is the millions digit of 3320146?
3
What is the thousands digit of 803771?
3
What is the ten thousands digit of 8390277?
9
What is the hundreds digit of 9292284?
2
What is the tens digit of 264731?
3
What is the hundreds digit of 2861971?
9
What is the hundreds digit of 454852?
8
What is the thousands digit of 702625?
2
What is the hundreds digit of 2140232?
2
What is the units digit of 6016501?
1
What is the hundreds digit of 53802?
8
What is the tens digit of 1217617?
1
What is the tens digit of 1192033?
3
What is the hundred thousands digit of 1715381?
7
What is the hundreds digit of 238456?
4
What is the millions digit of 1840628?
1
What is the ten thousands digit of 2583552?
8
What is the tens digit of 2201537?
3
What is the units digit of 616818?
8
What is the hundreds digit of 3080997?
9
What is the units digit of 389716?
6
What is the ten thousands digit of 894587?
9
What is the ten thousands digit of 1551320?
5
What is the units digit of 8424733?
3
What is the millions digit of 42789860?
2
What is the thousands digit of 515161?
5
What is the hundreds digit of 6712?
7
What is the hundred thousands digit of 4573875?
5
What is the tens digit of 23362036?
3
What is the hundreds digit of 3416524?
5
What is the units digit of 5209837?
7
What is the units digit of 346203?
3
What is the hundred thousands digit of 8655563?
6
What is the units digit of 3591156?
6
What is the hundreds digit of 494915?
9
What is the ten thousands digit of 43581?
4
What is the units digit of 883813?
3
What is the units digit of 471137?
7
What is the thousands digit of 257493?
7
What is the hundreds digit of 670404?
4
What is the hundreds digit of 705187?
1
What is the units digit of 302203?
3
What is the ten thousands digit of 333685?
3
What is the millions digit of 1198541?
1
What is the hundred thousands digit of 230719?
2
What is the tens digit of 527206?
0
What is the units digit of 385993?
3
What is the hundreds digit of 223917?
9
What is the hundred thousands digit of 1113670?
1
What is the units digit of 31911?
1
What is the units digit of 472132?
2
What is the units digit of 482328?
8
What is the tens digit of 4529500?
0
What is the thousands digit of 300562?
0
What is the units digit of 2645904?
4
What is the units digit of 17662223?
3
What